ose -p*o + 12*o + 2 = 0. Give v(o).
-6
Let j(t) = t**2 - 14*t - 22. Let s = -8 - -23. Let c be j(s). Let i(u) = -u**3 - 7*u**2 + u + 6. Give i(c).
-1
Suppose 3*c = 11*c - 32. Let r(p) be the first derivative of -5*p + 2 + 1/4*p**c - 3*p**2 + p**3. Give r(-4).
3
Let s(i) = -i**3 + 4*i**2 + 4*i + 6. Let q be 100/(-45) + (-4)/(-18). Let h be -20*5/(q*10). Calculate s(h).
1
Suppose 0 = 3*x + 3*p + 3, -5*x - 4*p - 28 = -7*x. Let g(y) = y**2 - 10*y + 3. What is g(x)?
-21
Let h(o) = -2 + o**2 - 3*o + 9 - 6*o. Let v(g) = 6*g**3 - g**2 - 3*g + 4. Let u be v(1). Calculate h(u).
-11
Let u(q) = q**2 - 6*q - 10. Let t be 8/(-14) - (-31)/(2170/600). Give u(t).
6
Let l(t) = -t**3 - 2*t**2 - t + 2. Let p = 77 - 75. Suppose 5*v + p*o + 5 = 0, 3*v + o - 1 = -o. What is l(v)?
14
Let k(z) = -2*z + 2. Let b = -118 - -132. Let v be ((-24)/b)/(46/(-161)). What is k(v)?
-10
Let b(w) be the second derivative of -w**5/20 + w**4/4 - 2*w**3/3 + 14*w**2 - 259*w. What is b(4)?
-4
Let b(g) = 10*g + 2. Let h(f) = 30*f + 5. Suppose -4*y + 3*k + 3 = -9*y, 0 = 5*y - 3*k + 27. Let p(c) = y*h(c) + 8*b(c). Give p(-2).
21
Let j(x) = 5*x**3 + x + 6*x**2 - 4*x**3 + 101 - 106. Give j(-6).
-11
Let z(t) = -2*t**2 - 9*t + 1. Let v be z(-4). Let p(u) = -6*u + 3. Let h(d) = -4*d + 2. Let x(s) = v*h(s) - 3*p(s). What is x(6)?
-11
Let d be ((-27)/6)/(9/(-6)). Let q(g) = 2*g**2 + 5*g + 6. Let y(j) = 3*j**2 + 7*j + 9. Let p(k) = -7*q(k) + 5*y(k). Give p(d).
12
Suppose 4 = -5*w - 2*z + 3, -5 = 3*w - z. Let o(n) = -1 + 149*n + 144*n + 134*n - 429*n. What is o(w)?
1
Let d(z) = -303*z - 308*z + 613*z - 1. Give d(-3).
-7
Let w(m) = -4*m - 1. Suppose -2 + 5 = 3*r, -2*i = -r + 9. Let o be (-4)/8*1*i. Suppose -l - 2 = -o*l. Determine w(l).
-9
Let q(g) = g**3 - 16*g**2 + 15*g + 13. Let w be q(15). Suppose -4 = 9*m - w. Let y(h) = -10*h**2 - h + 1. Determine y(m).
-10
Let v be (0 + 5)*(-4)/(12/3). Let k(i) = 4*i + 17. What is k(v)?
-3
Let n(s) = -s + 3017 - 6046 + 3006. Let w(a) = -a + 2. Let b be w(2). Determine n(b).
-23
Let j(u) = u - 7. Suppose 0 = -a + 3*a - 3*p - 26, -5*a = -2*p - 43. Suppose -2*b + 75 = -a*b. Let o = -8 - b. What is j(o)?
0
Suppose -2*n + 7*n = -5. Let w(h) = -10 - 17 + 9*h + 27. What is w(n)?
-9
Suppose 5*c + 11 = h, -2*c - h = -1 + 4. Let b(v) = 2*v + 10. Let r be b(c). Let w(y) be the second derivative of y**3/6 - y**2 + y. Give w(r).
4
Let j(n) = -3 - 3 - 3*n + 8. Suppose -6 = 5*r + 14. Give j(r).
14
Suppose -z + 0*z + 5*c + 29 = 0, z + 5*c = 19. Let i be (-1)/(0 - (-4)/z). Let v be (-10)/i - (-3)/9. Let h(w) = -w**3 + w**2 + 2. Calculate h(v).
-2
Let r(d) = d**3 + 5*d**2 - 5*d - 2. Let h be 1/(((-2)/(-3))/(-12 - -10)). Let i be (-45)/(8 + h) + (2 - -1). What is r(i)?
-8
Suppose 6*c = -c - 28. Let j(z) = 6*z**3 - z**2 - 5*z. Let x(i) = 6*i - 1 - 7*i**3 + 2*i**2 + 2 + 0*i. Let r(n) = -6*j(n) - 5*x(n). What is r(c)?
-5
Let h(r) = 7*r + 23. Let l(c) = 14*c**3 + 83*c**2 - 4*c + 6. Let y be l(-6). Calculate h(y).
-19
Let d(c) be the third derivative of -c**4/4 + 39*c**2. Calculate d(-4).
24
Let f(z) = 0*z - z - z - 1 - 4*z**3 - 6*z**3. What is f(-1)?
11
Suppose -3 = -c + 5. Let o(q) = -q**2 - 16. Let d be o(0). Let p = c + d. Let t(h) = h + 11. Give t(p).
3
Let z(b) = -2*b**2 - 3. Let a(j) = 2*j**3 - 5*j**2 - j - 5. Let n(d) = a(d) - 2*z(d). Give n(2).
11
Let k(c) = c + 8. Let p be k(0). Suppose 0*y - 4*y - p = 0. Let z(q) be the third derivative of q**5/12 + q**4/8 + q**3/3 - q**2 - 2. What is z(y)?
16
Suppose -15*l - 2*p - 9 = -10*l, -3*l = 3*p. Let x(z) = 14*z - 2 - z**2 - 7*z - 8*z. Give x(l).
-8
Let t(m) = -m - 14. Suppose 0 = -5*v + 3*v + 5*x + 16, 2*v + 3*x = 0. Suppose -9 = 2*f + 5*p + 45, -v*p = 0. Let y be (9/(f/42))/2. Determine t(y).
-7
Suppose 14*a - 6 - 6 = 2*a. Let b(y) = y**3 + 6*y**2 - 7*y - 5. Let m be b(-7). Let s(z) = -4*z + 3. Let x(w) = 6*w - 4. Let i(g) = m*x(g) - 7*s(g). Give i(a).
-3
Let d(l) = l + 11. Let c be (-1)/(56/(-24) - (-2)/1). Suppose 2*s - s = c*m + 22, 5*s = 4*m + 33. Give d(m).
4
Suppose -2*a + 4*a + 32 = -4*o, 5*o + 12 = a. Let t be 2/(-4) - 20/a. Let k(i) be the third derivative of i**5/30 + i**3/3 - 9*i**2 - 3*i. Give k(t).
10
Let r(y) = -y**2 + 8*y - 14. Suppose -2*o + 14 = -i, 17*i - 22*i - 35 = -3*o. Give r(o).
1
Let u be (-3 + 2)/(1/(-1)). Let b(z) = -z**2 - z + 1. Let x be b(0). Let k(p) = p - 2*p + 3*p**3 + 0 - p**2 + x + 0*p**2. Determine k(u).
2
Let k(l) be the second derivative of l**5/20 + l**4/12 - l**3/6 + 7*l**2/2 + 10*l - 9. Calculate k(-3).
-8
Let c be (7 - -1)/(-7 + 8). Let u(z) = -z**2 + 6*z + 10. Calculate u(c).
-6
Let k = 18 + -15. Suppose 6 = -k*v + 12. Let q(c) = -v*c + 5*c**2 + 2*c - 3*c**2. Calculate q(-2).
8
Let t be 1/1 + 2 - 0. Let q(r) = -8*r + 6. Let a(n) = n**2 - 5*n - 5. Let v be a(5). Let c(h) = 9*h - 7. Let x(d) = v*q(d) - 4*c(d). Calculate x(t).
10
Suppose -14*u + u = -871. Let s(b) = -2 - 58*b - u*b - b**2 + 118*b. Calculate s(-3).
10
Let h(q) = 5*q**2 - 3*q**3 - 7 + 2*q**3 - 3*q + q**2. Let w(z) = -2*z**2 + 27*z + 50. Let v be w(15). Calculate h(v).
3
Let j(q) = -10 - 5 - 1 - q - 1 + 5. Give j(-9).
-3
Let w = -148 - -215. Suppose w = -z + 70. Let a(x) = x**2 - 2*x - 3. What is a(z)?
0
Suppose 2*a = -5 + 11. Suppose 3*s + 9 = a. Let q(i) = -4*i**2 - 3*i - 1. What is q(s)?
-11
Let a(n) be the third derivative of -n**6/120 + 11*n**5/60 + n**4/24 - n**3/2 - 63*n**2. Give a(11).
8
Let b(d) = -3*d**2 - d - 1. Let i(m) = 2*m**2 + 2*m. Let y(h) = -3*b(h) - 4*i(h). Suppose 25 + 3 = 14*t. Determine y(t).
-3
Let d(y) be the second derivative of -y**5/20 + y**4/3 + 5*y**3/6 + 5*y**2/2 - 2*y. Let w be -1 - (-4 + (-4)/2). Give d(w).
5
Let u = -368 - -377. Let r(j) = -2*j - 7. Let t(n) be the third derivative of -n**4/24 - n**3 + 3*n**2. Let q(v) = -2*r(v) + 3*t(v). Give q(u).
5
Let u = -1 - -7. Let m = u - 0. Let c(d) = d**3 - 6*d**2 + 9. Let t(s) = s. Let z(p) = -c(p) + 2*t(p). Give z(m).
3
Suppose -5*v - 40 = 10. Let k = 11 + v. Let f(o) = 6*o**3 + o - 1. What is f(k)?
6
Let c(n) = 5*n**2 + 18*n + 38. Let m(k) be the second derivative of k**4/4 + 2*k**3 + 25*k**2/2 + 2*k - 3. Let p(y) = 5*c(y) - 8*m(y). Calculate p(8).
6
Suppose -142 + 128 = 7*m. Let k(p) = -4*p**3 - 3*p**2 + 8*p + 2. Let s(a) = -a**3 - a**2 + a. Let j(n) = k(n) - 5*s(n). Determine j(m).
-4
Let b(d) = d**3 - 15*d**2 + 2*d - 15. Suppose -1098*k + 240 = -1082*k. Calculate b(k).
15
Let c(n) = 11*n**3 + 3*n**2 - 11*n + 60. Let l(k) = 7*k**3 + 2*k**2 - 7*k + 40. Let j(p) = -5*c(p) + 8*l(p). Let m be (-2)/8 + 1/4. Give j(m).
20
Let w = 39 + -32. Suppose -3*k = w + 2. Let y(x) = -x**3 - 2*x**2 + 3*x - 3. Calculate y(k).
-3
Let m(v) = -2*v**2 + 5*v - 2. Let u(o) = -14*o**2 - 6 + 0*o + 14*o - 15*o**2 + 23*o**2. Let d(l) = -17*m(l) + 6*u(l). Give d(-3).
-17
Let j(q) = 1 + 79*q + 14 - 77*q. Let h be j(-4). Let s(f) = -f**2 + 9*f - 8. Give s(h).
6
Let a(m) be the first derivative of -2/3*m**3 + m + 6 - 2*m**2. What is a(-3)?
-5
Let m(s) = -s - 9. Suppose 2*j + 4 = 20. Let k be (-6)/(-15) - 4/10. Let q = k - j. Calculate m(q).
-1
Let s(w) = -w. Let i(v) be the first derivative of -v**2/2 - 4*v + 7. Let z(k) = i(k) - 2*s(k). Calculate z(2).
-2
Let q = 11 - 12. Let c(o) = 5*o**3 + 2*o + 2. Let u be c(q). Let d(w) = -w**3 - 6*w**2 - 5*w - 3. Determine d(u).
-3
Let y(k) = -63*k**3 - 2*k + 118*k**3 - 57*k**3 + k**2 + 3*k. Suppose 4 = i - 5*i. What is y(i)?
2
Let o(n) = n**2 + 4*n + 2. Let r be (-24)/((-8832)/(-1072)) - 4/46. What is o(r)?
-1
Let j(a) be the third derivative of 7*a**5/60 - a**4/24 + a**2. Let h be ((-1)/3)/((-9)/(-459)). Let f = 18 + h. Determine j(f).
6
Let a(m) = 2*m + 12. Let r(j) = 7*j - 16. Let q be r(3). Give a(q).
22
Let u be (-5 + 8)/(2/(-4)). Let f(x) = x**3 + 6*x**2 + 2*x + 9. Let i be f(u). Let h(y) = 4*y - 2 - 5*y + 1. Calculate h(i).
2
Let h(d) = -2*d**2 + 1. Let n = -59 + 72. Let w be ((-384)/39 - -7) + (-2)/n. Calculate h(w).
-17
Let i(y) be the second derivative of -37*y + 0*y**2 + 0 - 1/3*y**3 + 1/6*y**4. What is i(3)?
12
Suppose 2 = 5*g - 3. Let v(n) = -3*n - 1. Let l be v(g). Let h(f) = -12*f + f**2 + 22*f - 2*f**2 + 0*f**2 - 11*f + 3. Calculate h(l).
-9
Let q(w) = -w + 2. Let l(v) = -5 - 445*v - 2*v**2 - v**3 + 5*v**2 + 452*v. Let u be l(4). Calculate q(u).
-5
Suppose -13*t - 6 = g - 11*t, 0 = -5*t. Let u be (g - -6)/(9/(-3)). L